*q + 1. Let t be j(8). Calculate the highest common divisor of 4 and t.
1
Suppose 6*b - 2*b - 20 = 0. Suppose h = 0, m + 2*h - b*h = 11. Calculate the greatest common divisor of m and 77.
11
Let o(x) = 2*x**2 + x + 1. Let p be o(-1). Suppose 5*i = 31 + 9. Calculate the highest common divisor of i and p.
2
Let a(l) = l**3 - 12*l**2 + 12*l - 7. Let d be a(11). Suppose 2*i = -d*s + 22, 3*s - i = 34 - 5. What is the greatest common factor of 64 and s?
8
Suppose 180 = -0*s + 5*s. Suppose -l - s = -5*l. Calculate the highest common divisor of l and 18.
9
Let x(t) = -21*t + 4. Let j(r) = -986*r + 187. Let w(z) = -4*j(z) + 187*x(z). Let s be w(2). Let q = 267 + -182. What is the greatest common factor of s and q?
17
Let l be (-1)/((-3)/78) - (1 + 0). What is the highest common divisor of 25 and l?
25
Let s(p) = -p**3 - 3*p**2 - p. Let h be s(-3). Let a be 6*6/9*h. What is the greatest common factor of 60 and a?
12
Let z = 107 + -86. Calculate the greatest common factor of 63 and z.
21
Let z = 22 + 33. Let r = 5 - -5. Suppose -c + r = -x - 1, 3*x + 55 = 5*c. Calculate the highest common divisor of z and c.
11
Let x = 17 - -95. Suppose -11 = -4*m + 5*s, 2 = 3*s - 1. Suppose 7*c - 50 = 2*c - m*o, 0 = 3*c + 3*o - 27. What is the highest common divisor of x and c?
14
Suppose 28 = 3*v - 2. Let b(j) be the second derivative of j**3/6 + 17*j**2/2 - 3*j. Let t be b(-12). What is the greatest common divisor of v and t?
5
Suppose g - 7 = -0*g. What is the greatest common divisor of 7 and g?
7
Let n be (0 - (-3 + 1)) + -2. Let v(j) = j + 88. Let x be v(n). What is the highest common divisor of x and 11?
11
Let f be 3 - 1/2*-1*74. What is the highest common divisor of 8 and f?
8
Let z(k) = -k + 4. Let u be z(-5). Calculate the greatest common divisor of 3 and u.
3
Suppose -3*q = 2*q, -3*r + 135 = -2*q. What is the greatest common factor of 15 and r?
15
Suppose -3*n + 0*n = -36. Let j(a) be the second derivative of 7*a**4/3 + a**3/2 + a**2 + 8*a. Let o be j(-2). Calculate the greatest common divisor of n and o.
12
Let g = -3 - -9. Calculate the greatest common factor of 66 and g.
6
Let q(z) = 12*z - 53. Let a be q(12). Calculate the highest common divisor of a and 14.
7
Let i = -2 - 2. Let x(f) = f**2 - f - 1. Let j be x(i). What is the highest common factor of j and 209?
19
Let i(s) = -s**2 + 13*s + 13. Let l be i(7). What is the highest common factor of 220 and l?
55
Let k(j) = 4*j**2 + 5*j**3 - 4*j**3 - 4*j**2 + 2*j. Let i be k(4). What is the highest common factor of i and 8?
8
Let i be (1659/2)/(18/(-24)). Let r be 4/18 + i/(-126). Calculate the greatest common divisor of 63 and r.
9
Suppose 14 = -4*x - 10. Let b = 9 - x. What is the highest common factor of 105 and b?
15
Let r(k) = 11*k + k - 1 + 4. Let j be r(4). Let v be (j/9)/1*3. What is the greatest common divisor of 153 and v?
17
Let l be (-2 - -3 - -9)/2. Suppose 5*i + 45 = l*j, 3*j - 20 - 42 = -4*i. Calculate the highest common divisor of j and 112.
14
Let h(z) = z**3 - 10*z**2 + z + 4. Let q be h(10). Calculate the highest common factor of 154 and q.
14
Let h = -9 + 22. Let x = h + -9. What is the highest common divisor of 10 and x?
2
Let m(r) = -r**3 + 5*r**2 + 5*r + 2. Let o be m(6). Let v be 27*((-16)/6)/o. Suppose 0 = -3*f + 374 + 4. Calculate the greatest common divisor of f and v.
18
Let u(q) = 18*q**2. Let f be u(-1). Calculate the highest common factor of 2 and f.
2
Let v be 42/120*28 - 2/(-10). Calculate the greatest common divisor of 40 and v.
10
Let p = -38 - -63. Let s be (-2)/(-4)*(1 + p). Suppose 3*z - 6*z = 5*v - 328, -v - 4*z + 69 = 0. What is the greatest common divisor of s and v?
13
Let x = -81 + 86. Suppose v = -0*v + 25. What is the greatest common divisor of x and v?
5
Suppose -o = i - 32, i - 160 = -4*i + o. Calculate the greatest common divisor of i and 32.
32
Let f(c) be the first derivative of 26*c**2 + c + 5. Let x be f(4). What is the greatest common divisor of 19 and x?
19
Let c = 12 - 7. Suppose -i = 2*o, -o = -c*i - 4*o + 7. Suppose -i*f - f - 5*b = -64, 5*b = 10. Calculate the highest common divisor of f and 2.
2
Let z(f) = -f + 3. Let v be z(-8). Let m = -5 + v. Let u = 14 - -10. What is the greatest common factor of u and m?
6
Let w = -10 - -16. Let d be (-7 - -18) + -2*1. What is the highest common factor of w and d?
3
Let o be (7 - 3/1) + 28. What is the greatest common divisor of o and 48?
16
Let f = 115 + -82. Calculate the highest common factor of f and 22.
11
Let l(k) = k**2 + 7*k + 12. Suppose -12 = 4*u - 3*u. Let o be l(u). What is the greatest common factor of 9 and o?
9
Let l = 41 + -13. Suppose 2*h = l - 4. Calculate the highest common divisor of h and 24.
12
Suppose -5*k = 5*t + 55, 0*k + 3*k + 17 = t. Let l = k - -12. What is the greatest common factor of 20 and l?
5
Suppose 0 = 3*q + 42 - 48. What is the highest common divisor of 16 and q?
2
Let j(a) = a**3 + 8*a**2 + 5*a + 7. Let u be j(-8). Let p be 2/(-8) - u/4. Let f = p + 0. What is the greatest common divisor of f and 88?
8
Let w(f) = -11*f**2 + 3*f. Let h(y) = y**3 + 34*y**2 - 10*y - 1. Let d(x) = 2*h(x) + 7*w(x). Let p be d(7). Calculate the greatest common divisor of 25 and p.
25
Suppose 0 = 5*h + d + 680, 5*h + 0*d - d + 690 = 0. Let b = h + 272. Calculate the greatest common factor of b and 54.
27
Suppose 4*g = -y - 36, -3*y = 5*g + 69 + 46. Let h = 67 + y. Let k = 1 + 2. What is the greatest common factor of k and h?
3
Let f = 105 - -3. What is the highest common factor of f and 24?
12
Suppose 3*y = 3*b - 96, y + 3*b + 17 = -15. Let v = 13 - y. Calculate the highest common divisor of v and 18.
9
Suppose 0 = r + 16 - 1. Let k be (-41)/(-5) + 3/r. Calculate the greatest common factor of 64 and k.
8
Let g = 48 - 28. Suppose 2*w - g = 2. Calculate the highest common divisor of w and 55.
11
Suppose y = 73 - 9. What is the greatest common factor of y and 8?
8
Let u(i) = 13*i + 1. Let n be u(3). Suppose 0 = -4*b - c + n, -19 = -2*b - 3*c + 11. What is the greatest common factor of 6 and b?
3
Suppose -7*t + 337 = 57. Calculate the greatest common factor of t and 60.
20
Suppose 2*l = -4*a + 6*l + 76, 5*a = -3*l + 103. Calculate the greatest common divisor of a and 15.
5
Let c be -6*((-2)/(-2) - 0). Let p be (-36)/(-10) - c/15. What is the greatest common factor of p and 2?
2
Let w = -12 - 7. Let d = w + 27. Suppose -f = -g + 2 + d, 5*g = 3*f + 46. Calculate the highest common factor of g and 20.
4
Suppose 41 - 7 = 2*x. Let k be (-9)/(-6) - x/(-2). Calculate the highest common divisor of 50 and k.
10
Let t = 144 - 79. What is the greatest common factor of 26 and t?
13
Suppose 0 = -4*m + 60 + 104. Calculate the greatest common divisor of m and 451.
41
Let g be 38/1 - 6*5/15. Calculate the greatest common divisor of g and 18.
18
Suppose 6*a - 4*a = -152. Let m = 112 + a. What is the greatest common divisor of 4 and m?
4
Let x(s) = s**2 - 7*s + 8. Let z be x(6). Suppose -c = -z*c + 16. What is the greatest common factor of 16 and c?
16
Suppose d + 0*d + 1 = 5*a, 0 = 2*a + 2*d - 10. Let u be (a + -5)/((-5)/(-5)). Let r = 19 + u. What is the highest common factor of r and 120?
15
Let w(r) = -r**3 - r**2 + 3. Let i be w(0). Let n(o) = 10*o - 2. Let t be n(i). Calculate the highest common divisor of t and 14.
14
Let j(y) = -y**3 - 1. Let w be j(-2). What is the highest common factor of w and 49?
7
Suppose 5*x = 59 + 36. Let m be 0 + (x - 2)/1. Calculate the greatest common factor of m and 136.
17
Let w = -55 + 77. Let q be (-3 + -1)/((-4)/w). Calculate the highest common divisor of 2 and q.
2
Let z be 12*-3*(-3)/(-27). Let g be 1 + z - (-266)/7. Calculate the highest common factor of 7 and g.
7
Let n(t) = t**3 + t. Let m be (-6)/(-10) + 14/35. Let u be n(m). Let i = -18 - -32. What is the greatest common factor of i and u?
2
Let i(h) = 4*h - 6. Let j be i(13). Calculate the highest common factor of j and 46.
46
Let c(p) = -2*p**2 - 24*p - 4. Let u be c(-10). What is the greatest common factor of u and 72?
36
Let o(z) = 21*z**3 - 1 - 2*z**2 + 1. Let a be o(2). Let m(j) = -j**3 - 13*j**2 + 16. Let d be m(-13). What is the greatest common divisor of d and a?
16
Let z be (-47)/141 - (184/(-3) + 1). Calculate the highest common factor of 40 and z.
20
Let b be 2/8 + 780/80. What is the highest common divisor 